rmine w(n).
20
Let y(w) be the first derivative of w**4/12 + w**3/3 - 3*w**2 + 10*w - 6. Let h(n) be the first derivative of y(n). What is h(4)?
18
Let s(z) = 3*z**2 - 5*z - 7. Let y be s(3). Let a(k) = 1 - y*k + 2*k + k. Calculate a(-2).
5
Let h = 323 - 201. Let u(l) = h - 243 + 113 - l + l**2. Calculate u(0).
-8
Let b = 5 - 6. Let w(d) = -1. Let g(v) = 2*v + 10. Let k(c) = b*g(c) - 8*w(c). Let s(h) = h**2. Let l be s(2). Calculate k(l).
-10
Let d(r) be the third derivative of 1/20*r**5 + 1/120*r**6 + 0*r**4 - 5*r**2 + 0*r + 0*r**3 + 0. Suppose 21 - 13 = -2*j. Give d(j).
-16
Suppose 47 = -10*a - 33. Let q(i) = 7*i - 6*i + 13 - 2. Calculate q(a).
3
Let i(n) = -4*n - 7. Let h(l) = l**3 - 6*l**2 + l. Let p be h(6). Suppose 3*t = p*t + 342. Let r be (-4)/(-22) + t/22. Determine i(r).
13
Let v = -37 - -39. Suppose 3*r = 4*x + 67, 0 = -2*r + v*x + 32 + 14. Let y(h) = -r - 14*h**2 + h + 25. Give y(-1).
-15
Let u(s) = 2*s**2 - s + 1. Let o be u(1). Suppose 0 = -3*n + 16 + o. Let y(d) = 15*d**3 + 37 - 5*d**2 - 21 - 8*d - 14*d**3 - 15. Determine y(n).
-11
Let z(v) = -7*v - 2. Let p(k) = 26*k + 79. Let c(t) = -p(t) - 6*z(t). Give c(4).
-3
Let q(o) = -588*o + 2 + 1165*o - 586*o. What is q(-1)?
11
Let o(i) = -i + 5. Let x(c) = -3*c - 27. Let h be 9/18 + (-38)/4. Let a be x(h). What is o(a)?
5
Suppose -5*a + 15 = -4*o, -5*o - 2*a = a + 28. Let p be -8 + 12 - (-6)/2. Let f(r) = r + 63*r**2 + p + r**3 - 4*r - 59*r**2. Determine f(o).
-3
Let c be 1 + -3 - ((-110)/(-120) - 3). Let h(f) be the second derivative of -7/2*f**2 + 3/2*f**3 - c*f**4 + 0 + 5*f. What is h(7)?
7
Let n(s) = 11*s - 5. Let y be 16 + (-5 + -5 - 3). What is n(y)?
28
Suppose 1 = z - 3. Let l(o) = -9*o**2 + o - 5. Let n(x) = 16*x**2 - 3*x + 9. Let b(h) = -7*l(h) - 4*n(h). What is b(z)?
3
Let n = 4 - 5. Let w be (n/(-3))/(2/198). Let m be 31/(-11) + (-6)/w. Let u(f) = -3*f - 1. Calculate u(m).
8
Let m(d) = 4*d + 4. Let t(y) = -3*y + 2. Let s = 3 + 3. Let x(g) = g - 1. Let q(w) = s*t(w) + 15*x(w). Let n(p) = 4*m(p) + 5*q(p). Calculate n(6).
7
Let y be (-21)/(-18)*-3*(-14)/(-7). Let u(p) = p**3 + 7*p**2 + p. Calculate u(y).
-7
Let y(n) = -n + 3. Let o(l) = -l. Let h(v) = 2*v + 3. Let g(w) = h(w) + 3*o(w). Let t be g(6). What is y(t)?
6
Let n(q) = q**3 - 4*q**2 + 4*q. Suppose 1718 = -4*z + 1730. What is n(z)?
3
Let g = 71 + -68. Let z(s) = s**2 + g - 31*s**3 - 6*s**2 + 32*s**3 + 2. Calculate z(5).
5
Let o be (-6)/(36/34) + 2/(-6). Let p(h) = h**2 + 6*h + 4. Calculate p(o).
4
Let r(h) be the third derivative of 0 + 0*h**3 + 0*h + 0*h**4 + 1/60*h**5 + 8*h**2. Give r(-1).
1
Let v = -41 + 29. Let z be 9/(-2)*8/v. Let b(o) = 0*o**3 + 0 + 3*o - 1 - o**3 - z*o**2. What is b(-4)?
3
Let f(y) be the second derivative of 1/20*y**5 + 19*y + 0 + 0*y**3 - 3/2*y**2 - 5/12*y**4. Let k(a) = -a + 10. Let s be k(5). Calculate f(s).
-3
Let b(s) = s**2 + 8*s + 19. Let c be b(-5). Suppose -2*g = y - 7, 0*g - c*g + 29 = 5*y. Let u(n) = n - 6. What is u(y)?
-1
Let q(d) be the first derivative of -d**4/4 - 2*d**3 + 8*d**2 - d - 115. Give q(-8).
-1
Let b(z) = 2*z - 6. Let p(g) = -g + 4. Let l(y) = 3*b(y) + 5*p(y). Let t be (-2 + 1)/((-2)/(-8)). What is l(t)?
-2
Let f(x) = x + 12 + 8 - 6. Suppose 5*k - 5 = -5*p, 8*p + 34 - 32 = 2*k. Give f(p).
14
Let g = 126 - 116. Let v(x) = -2*x**2 + 21*x - 4. Calculate v(g).
6
Let f be (0 - (-4)/(-3)) + 1148/(-246). Suppose -i + 12 = 3*i. Let c(w) = -4 + 6*w**2 + 2 + 2*w**3 - w**i - w. Give c(f).
4
Suppose 5*c - 3*x = -0*c + 23, -3*c + 16 = -4*x. Suppose -9*p = -8*p - c. Let t(a) = -a + 2. Determine t(p).
-2
Suppose 4*v + 2*y - 34 = -128, -2*y + 6 = 0. Let q be 10/v - (-4)/10. Let z = 3 - q. Let b(p) = p**2 - 2*p + 4. Calculate b(z).
7
Let x(k) = -k**3 + 2*k**2 - k - 2. Let m = 53 - 42. Let d(w) = 4*w - 41. Let j be d(m). Determine x(j).
-14
Let p(o) = -o + 9. Suppose 0 = 4*q - 36 - 92. Let c = q + -24. Determine p(c).
1
Let c(m) = 2*m**2 + m. Let h(k) = 3*k**2 + k + 1. Let l(z) = -5*c(z) + 3*h(z). Suppose 5*t + 2*b - 9 = b, 4*t - 13 = 5*b. Suppose t*y + 5 + 1 = 0. Give l(y).
0
Let c(q) = 2*q**2 - 9*q - 8. Let t be 1 + (-27 + -1)/(-7). What is c(t)?
-3
Let z(o) = o**3 - 4*o**2 - 2*o - 1. Let v be (-9 - 3)*(2/(-3) - -1). Let f be 10/v*4/(-2). Give z(f).
14
Let n(v) = -v**2 + 8*v - 12. Let w be n(5). Let f(x) = 3 - 4*x - 5 + 2*x + w. Suppose 1 = 2*g - 3*g. Calculate f(g).
3
Let x(h) = -h + 45 - 37 - h + 3*h. Let i(l) = -l - 7. Suppose 3*m - 1 = 2*m - 4*r, 5*r - 31 = 3*m. Let a be i(m). Calculate x(a).
8
Let t(x) be the first derivative of 3*x**2 + 29 - 1/3*x**3 - x. Suppose 0 = -2*a - 4, 3*v + 0*v + 2*a - 5 = 0. Determine t(v).
8
Let l = -36 - -39. Suppose -24 = -4*t - 3*z, -l*t - 4*z + 12 + 13 = 0. Let j(v) = v - 2. Give j(t).
1
Let u(f) be the third derivative of -f**5/60 - f**4/12 + f**3/2 - 12*f**2 + 2*f. Determine u(-3).
0
Let w(y) be the second derivative of -y**4/12 - 3*y**3/2 - 5*y**2 + y. Let l = -102 - -96. Let a be ((-3)/l - 0)*7*-2. What is w(a)?
4
Let j(c) = 16*c + 627*c**2 + 4*c - 626*c**2 + 6. What is j(-20)?
6
Let c(u) = 39*u**3 - 21*u**3 + 2 - u**2 - u - 19*u**3 + 2*u. Calculate c(-3).
17
Let l(n) = -6*n. Suppose -2*d = b + 35, -b - 2*b + 5*d - 61 = 0. Let k(v) = 42*v. Let x(u) = b*l(u) - 4*k(u). Calculate x(-1).
6
Let u(h) be the second derivative of -h**3/6 + 21*h**2/2 + 635*h. Calculate u(16).
5
Let k(g) = -g + 18*g**3 + 4*g**3 - 30*g**3 - 1. What is k(-1)?
8
Let r(d) be the second derivative of -d**7/1260 + d**5/120 + 2*d**4 + 9*d. Let u(v) be the third derivative of r(v). Give u(1).
-1
Let s(k) = k**2 - 3*k - 3. Let q = 39 - -3. Let t = -11 + 1. Let d be (-4)/20 - q/t. Give s(d).
1
Let t = 19 + -7. Let m(x) = -x**2 + t*x + 18*x - 37*x - 7. Determine m(-9).
-25
Let l = 7 - 11. Let v = l + 11. Let f be ((-9)/(-3) - 5) + v. Let a(s) = s - 7. Determine a(f).
-2
Let y(w) = 194*w**3 + 2*w**2 - 2 + 194*w**3 - 390*w**3 + w**2 - w. Calculate y(2).
-8
Let b(j) be the third derivative of -j**5/30 + j**4/12 + 2*j**3/3 + 42*j**2. Calculate b(-3).
-20
Let v be (7/3)/7*3. Let u(q) = -42*q - 4 + 36*q + 3. Determine u(v).
-7
Let u = -25 - -27. Let n(l) = 1 - 2*l**3 + 0*l**3 + l**3 + l**2 + l. Let f be n(u). Let w(d) = 2*d**2 + d + 1. Determine w(f).
2
Let k(x) = 22*x - 12*x - 16*x**2 + 5*x**3 + 3*x**2 - 1 - 6*x**3 - 22*x. Give k(-12).
-1
Let f(r) = -17*r**3 - 24*r**2 + 30*r - 8. Let s(h) = -14*h**3 - 24*h**2 + 29*h - 9. Let l(i) = 5*f(i) - 6*s(i). Determine l(23).
-9
Let t(d) = -5*d**2 - 3*d + 17. Let h(k) = -14*k**2 - 8*k + 49. Let x(q) = 4*h(q) - 11*t(q). Give x(4).
-3
Let w(j) be the third derivative of j**6/120 + 2*j**5/15 + j**4/4 + j**3/6 - 141*j**2 + 3*j. Give w(-5).
46
Let d(x) = 7*x**3. Suppose 55*h - 57*h + 3*i - 4 = 0, 3*h + 3 = 3*i. Calculate d(h).
7
Let n(r) = 7*r + 15. Let u be n(-3). Let o(j) = -j**2 - 6*j + 2. Determine o(u).
2
Suppose 5*p - 10 = -5*o, 1 = p - 4. Let l(r) = 4*r**2 - 3. Let u(a) = 5*a**2 + a - 4. Let j = 129 + -125. Let m(t) = j*l(t) + o*u(t). Determine m(4).
4
Let m(w) = 6*w**2 - 3. Let h(i) = i**2 + 12*i - 11*i + 4*i**2 - 4. Let q(g) = -5*h(g) + 4*m(g). Suppose -12 = 5*v + 23. Determine q(v).
-6
Let u(j) be the second derivative of -j**3/2 - 25*j**2/2 + 37*j - 2. What is u(-6)?
-7
Let k = -7 - -14. Let u(q) = 5*q**2 + 13*q - 13. Let a(g) = 6*g**2 + 14*g - 14. Let t = -50 + 44. Let z(n) = k*u(n) + t*a(n). Give z(5).
3
Let z be 0/(-2*(-1)/(-2)). Suppose 4*f - 3*d - 47 = z, -5*d = 4*f - 7 - 0. Suppose 5*y - f - 7 = 0. Let j(i) = 2*i**2 - 5*i + 3. Determine j(y).
6
Let g(u) be the first derivative of -u**3/3 + 7*u**2 - 19*u + 231. Calculate g(14).
-19
Let d(n) = -n**2 - 5*n - 4. Let c be d(-3). Let i be 5*(1 + 0 - 0). Let g(u) = i*u**2 - 5*u**2 + u - 1 - u**2 + 0*u**2. Calculate g(c).
-3
Let y(q) = -q**2 + 4*q + 1. Suppose v + a + 1 = 4*a, -5*v + 5*a = 5. Let j be -2*(2 - 3) - v. Calculate y(j).
4
Suppose 4*f + 9 = n - 2, 5*n = -3*f + 9. Let r be (-6)/(21/(-6) - f). Suppose 0 = 3*s - 5*u - 3 - 0, -5*u = 4*s - r. Let p(q) = -q + 1. Give p(s).
0
Suppose 0 = -2*s + 3*s + 3. Let c(b) = -7*b**2 - 7*b + 14. Let d(z) = -z**2 - z + 2. Let k(q) = c(q) - 6*d(q). Calculate k(s).
-4
Let y(k) = 3*k**2 - 8*k - 12. Let l = -27 - -26. Let i(p) = -p**2 + p + 1. Let g(b) = l*y(b) - 2*i(b). Determine g(7).
3
Let t(i) = -i**3 + 10*i**2 + 11*i - 4. Let w be t(11). Let c(